{"id":122,"date":"2023-11-08T14:12:08","date_gmt":"2023-11-08T14:12:08","guid":{"rendered":"https:\/\/evrimkavcar.com\/?page_id=122"},"modified":"2023-11-22T08:00:57","modified_gmt":"2023-11-22T08:00:57","slug":"bio","status":"publish","type":"page","link":"https:\/\/evrimkavcar.com\/index.php\/bio\/","title":{"rendered":"Bio"},"content":{"rendered":"<div class=\"wp-block-image\">\n<figure class=\"alignleft size-full is-resized\"><img loading=\"lazy\" decoding=\"async\" width=\"636\" height=\"424\" src=\"https:\/\/evrimkavcar.com\/wp-content\/uploads\/2023\/11\/IMG_8480-edited-1.jpeg\" alt=\"\" class=\"wp-image-157\" style=\"width:438px;height:auto\" srcset=\"https:\/\/evrimkavcar.com\/wp-content\/uploads\/2023\/11\/IMG_8480-edited-1.jpeg 636w, https:\/\/evrimkavcar.com\/wp-content\/uploads\/2023\/11\/IMG_8480-edited-1-300x200.jpeg 300w\" sizes=\"auto, (max-width: 636px) 100vw, 636px\" \/><\/figure>\n<\/div>\n\n\n<p><\/p>\n\n\n\n<p><\/p>\n\n\n\n<p><\/p>\n\n\n\n<p><\/p>\n\n\n\n<p><\/p>\n\n\n\n<p><br><\/p>\n\n\n\n<p>Graduated from the sculpture department of Mimar Sinan Fine Arts University in 2000, Evrim Kavcar (b.1976) received her MFA from San Francisco Art Institute (2003) on a Fulbright scholarship, and PhD from MSU (2011). She studied Foto-Film and animation at the Academy of Fine Arts Vienna (2010-2011). Selected exhibitions include: Rounded By Sleep, ARTER (2022); <br>I Haven\u2019t Taken an Oath, Bar\u0131n Han (2022); 8. International Sinop Biennial (2022); Shifting Patterns, Kunstverein Tiergarten, Berlin (2021); The Fine Knife We Used To Pare Away The Rough Day, Kasa Gallery, \u0130stanbul (2020); Dictionary of Sensitive Sounds, PASAJ, \u0130stanbul (2019); Hidden in Loss, Kar\u015f\u0131 Sanat \u00c7al\u0131\u015fmalar\u0131, Istanbul (2016); SiS Collective, Apartment Project, Berlin (2016); D as In Void, Gallery Zilberman, \u0130stanbul (2015); 3rd Mardin Biennial, Mythologies, Mardin (2015); Tooth, PiST \/\/\/ Interdisciplinary Project Space (2012). Lecturer at the sculpture department of Mardin Artuklu University, she has been a member of the LIKEN collective since 2016. She was the recipient of an Istanbul \u2013 Berlin stipendium at nGbk Berlin for six months in 2018. Her artistic research called Records of Breath has inspired an extensive multidisciplinary research that is a collaboration between professionals from computer engineering (A.I), sound studies, psychiatry and digital humanities. Since 2018 Kavcar has been working as a duo with Elif \u00d6ner.<\/p>\n\n\n\n<p><br><strong>education<\/strong><br>2008 &#8211; 2011<br>PhD in Practice, Sculpture Department, Mimar Sinan Fine Arts University, Thesis: Examining the Process of Transforming Daily Situations into Works of Art<br>2010 &#8211; 2011<br>Akademie der bildenden K\u00fcnste Wien \/ Erasmus Exchange Program Harun Farocki FotoFilm Class<br>2001 &#8211; 2003<br>MFA in Sculpture (with an emphasis on Public Space) San Francisco Art Institute, CA<br>1996 &#8211; 2000<br>BA in Sculpture, Mimar Sinan Fine Arts University<br>1994 \u2013 1996<br>Istanbul University Faculty of Forestry, Department of Landscape Architecture<\/p>\n\n\n\n<p><strong>academic work<\/strong><br>2013 &#8211; 2023 Assistant Proffessor, Mardin Artuklu University Faculty of Fine Arts \/ Department of Sculpture\u2028 2006 &#8211; 2013 Assistant Proffessor, Beykent University Faculty of Fine Arts \/ \u2028 Department of Graphic Design 2006 &#8211; 2011 Lecturer \/ Beykent University Faculty of Fine Arts \/ Department of Graphic Design<br>2001 \u2013 2003 Teaching Assistant \/ San Francisco Art Institute<br>selected residencies &amp; awards<br>2023 \/\/ SAHA Studio 6th Term Artist in Residence<br>2021 \/\/ SAHA Sustainability Fund: Covid-19 \/ support fort he publication of A Dictionary of Sensitive Sounds with Elif \u00d6ner<br>2020 \/\/ Daire Sanat Open Studio Artist Programme with Elif \u00d6ner<br>2018 \/\/ Artist-in-Residence Stipend Istanbul-Berlin \/ The Neue Gesellschaft f\u00fcr Bildende Kunst (nGbK) and Zentrum f\u00fcr Kunst und Urbanistik (ZK\/U), Berlin<br>2015 \/\/ Docentship from Turkish Council of Higher Education<br>2009 &#8211; 2011 \/\/ Borusan Art Center Residency<br>2008 \/\/ Sar\u0131kam\u0131\u015f Commemoration Sites Urban Design Competition \/ Awarded 2nd Prize, Ministry of Culture and Tourism<br>2001 \/\/ Fulbright Scholarship for MFA studies<br>2000 \/\/ Sabanc\u0131 Award ( for Mimar Sinan University Sculpture Department\u2019s Top Graduate)<br>1987 &#8211; 1994 \/\/ \u00dcsk\u00fcdar American Academy \/ Academic Success Award<br>WORKS in COLLECTIONS<br>In BORUSAN CONTEMPORARY collection:<br>\/ \u201dEsteban,\u201d installation consisting of an animation, a bronz sculpture and text \/\/ \u201cprotect your own World,\u201d series of five drawings<br>in YKY (Yap\u0131 Kredi Publications) collection:<br>as part of its Fragmentation Series \/ signed edition of \u201cCuts Along the Wall\u201d In Naz\u0131m Hikmet Cultural Center\u2019s collection:<br>\/ \u201ctrimmed-for-documental purposes\u201d, colored wood sculpture<\/p>\n\n\n\n<p><br><strong>SELECTED EXHIBITIONS<\/strong><br>2023 \u201cFrom Off My Countanance These Glassy Tears\u201d, Perasma, Istanbul<br>2022 17th ISTANBUL BIENNIAL \/\/ \u201cDictionary of Sensitive Sounds\u201d, with Elif \u00d6ner, \u0130stanbul 2022 ARTER \/\/ \u201cRounded By Sleep\u201d, \u0130stanbul<br>2022 Bar\u0131n Han \/\/ \u201cI Haven\u2019t Taken an Oath\u201d, \u00c7emberlita\u015f, \u0130stanbul<br>2022 Sinopale, 8. International Sinop Biennial<\/p>\n\n\n\n<p>2021 Grand Re Union Online Video Piece \/\/ http:\/\/www.grandreunion.net\/records-of-breath\/<br>2021 Galerie Nord | Kunstverein Tiergarten \/\/ \u201cShifting Patterns\u201d, Berlin<br>2020 Kasa Galeri \/\/ The Fine Knife We Used To Pare Away the Rough Day, \u0130stanbul, Karak\u00f6y 2019 nGbK \/\/ In The Blink Of A Bird, collective Project with SiS collective, Berlin<br>2019 After the Butcher \/\/ The Yellow Section, group exhibition, Berlin<br>2019 Feminist Media Studio \/\/ On Performing Multiples, Concordia University, Canada<br>2018 Rem Artspace \/\/ Temas &#8211; Contact, group exhibition, self curated, IST<br>2018 ZK\/U \/\/ Lecture Performance: \u201cLandwehr Canal Won\u2019t Sound\u201d, Berlin<br>2018 Public space, Port\u0130zmir4 \/\/ Evolve, \u0130zmir<br>2017 Daire Gallery \/\/ Floating Tactics After a Sunken Island, group exhibition, IST<br>2017 Arte Sanat \/\/ Now You Are Here, ANKARA<br>in collaboration (since 2012) with Istanbul University Alfred Heillbronn Botanical Garden<br>2016 Apartment Project Berlin, artist residency \/ project MIST and exhibition 2016 Kar\u015f\u0131 Sanat \u00c7al\u0131\u015fmalar\u0131 \/\/ Hidden in Loss, \u0130stanbul<br>2016 \u201cfragMENtaTION\u201d project, Sanat D\u00fcnyam\u0131z magazine, Yap\u0131 Kredi Publications curated by Necmi S\u00f6nmez<br>2016 Space Debris\/\/ Stage \/ Istanbul<br>2015 Galeri Zilberman Project Space \/\/ D as in Void, solo exhibition<br>2015 Public Space &amp; Atamyan Kona\u011f\u0131 \/\/ \u201cMythologies\u201d \/ 3.Mardin Biennial, Mardin<br>2014 \u201cThe wind\u201d, Public Installation \/\/ International Sinop Biennial Sinopale 5, Clusters and Crystals: Observing at Point Zero, Sinop<br>2014 Wschodnia Gallery \/\/ What does the void look like in Lodz? \/ Lodz, Poland<br>2012 INSERT Project Space \/\/ Gregor, Solo Exhibition \/ Borusan Music House<br>2012 Museum of Medical Humanities \/\/ The Gross Anatomy Course II: Dying Eyes, Taipei, Taiwan<br>2012 PiST \/\/\/ Interdisciplinary Project Space \/ Tooth, Solo Exhibition, Pangalt\u0131, \u0130stanbul 2009 Hafriyat Karak\u00f6y\/\/ Unfair Provocation, Karak\u00f6y, \u0130stanbul<\/p>\n\n\n\n<p><strong>SELECTED WORKSHOPS<\/strong><br>2023 Together at the Threshold: Artists &amp; Curators, Sensitive Sounds Workshop, Nesin Art Village<br>2021 \u201cMuddy Hands\u201d, Sculpture workshop, The International Association of Child Rights Envoys (ICHILD) \/<br>2023 The Animate Earth, stop motion animation workshop, Nesin Art Village<br>2023 \u201cTogether\u201d, Zine Workshop, Art Istanbul Feshane, \u201cStarting from the Middle\u201d, Istanbul<br>2020 Stop Motion Animation Workshop, ArtSeed, San Francisco<br>2017 Timeless, collaborative workshop with Raziye Kubat and Almila Akda\u011f Salah, Nesin Art Village, \u0130zmir 2015 Forming &amp; transfroming, sculpture workshop, Nesin Math Village, \u0130zmir<br>2013 Out of Purpose, Public Space Intervention Workshop, Naz\u0131m Hikmet Cultural Center, \u0130stanbul<br>2012 Em-NET primary school, \u201ca collective ship\u201d, workshop with 9-12 years old children, Kampala, Uganda <\/p>\n\n\n\n<p><strong>SELECTED ARTICLES<\/strong><br>Kavcar Evrim, Kaya Heysem, Salah Albert Ali, Ocak Meral, Akda\u011f Salah Alkim Almila (2019). Hidden in a breath: Tracing the Breathing Patterns of Survivors of Traumatic Events. DH2019 Utrecht University Digital Humanities Conference Utrecht University, the Netherlands.<br>Heysem Kaya, Dmitrii Fedotov, Denis Dresvyanskiy, Metehan Doyran, Danila Mamontov, Maxim Markitantov, Alkim Almila Akdag Salah, Evrim Kavcar, Alexey Karpov, Albert Ali Salah: Predicting Depression and Emotions in the Cross-roads of Cultures, Para-linguistics, and Non- linguistics. AVEC@MM 2019: 27-35<br>Whose City Is That? Culture, Design, Spectacle and Capital in Istanbul \/ Part IV: The City of Guerillas, Name of the Article: Disrupting the Amnesia: Metaphoric Artistic Interventions in Istanbul (2014)., KAVCAR EVR\u0130M \u00d6ZLEM, Cambridge Scholars Publishing, Edit\u00f6r:Dilek \u00d6zhan Ko\u00e7ak, Orhan Kemal Ko\u00e7ak, Number of Pages 325, ISBN:ISBN (10): 1-4438-6043-3, ISBN<br>(13): 978-1-4438-6043-7, English (Scientific Book), (No: 1448226)<br>KAVCAR EVR\u0130M (2015). FOURTH PLINTH PROGRAM: CONTEMPORARY MONUMENTS OF THE EMPTY PLINTH Route Educational and Social Science Journal, 2(5), 755-755., Doi: 10.17121\/ressjournal.281 (Publication No: 1448030)<br>KAVCAR EVR\u0130M (2015). The Meaning of Monuments in the Context of a Prideless Recent History \u00c7ukurova University 1.International Artistic Research Symposium, 181-189. (Full text proceeding)<\/p>\n","protected":false},"excerpt":{"rendered":"<p>Graduated from the sculpture department of Mimar Sinan Fine Arts University in 2000, Evrim Kavcar (b.1976) received her MFA from San Francisco Art Institute (2003) on a Fulbright [&hellip;]<\/p>\n","protected":false},"author":1,"featured_media":0,"parent":0,"menu_order":0,"comment_status":"closed","ping_status":"closed","template":"","meta":{"footnotes":""},"class_list":["post-122","page","type-page","status-publish","hentry"],"_links":{"self":[{"href":"https:\/\/evrimkavcar.com\/index.php\/wp-json\/wp\/v2\/pages\/122","targetHints":{"allow":["GET"]}}],"collection":[{"href":"https:\/\/evrimkavcar.com\/index.php\/wp-json\/wp\/v2\/pages"}],"about":[{"href":"https:\/\/evrimkavcar.com\/index.php\/wp-json\/wp\/v2\/types\/page"}],"author":[{"embeddable":true,"href":"https:\/\/evrimkavcar.com\/index.php\/wp-json\/wp\/v2\/users\/1"}],"replies":[{"embeddable":true,"href":"https:\/\/evrimkavcar.com\/index.php\/wp-json\/wp\/v2\/comments?post=122"}],"version-history":[{"count":9,"href":"https:\/\/evrimkavcar.com\/index.php\/wp-json\/wp\/v2\/pages\/122\/revisions"}],"predecessor-version":[{"id":1350,"href":"https:\/\/evrimkavcar.com\/index.php\/wp-json\/wp\/v2\/pages\/122\/revisions\/1350"}],"wp:attachment":[{"href":"https:\/\/evrimkavcar.com\/index.php\/wp-json\/wp\/v2\/media?parent=122"}],"curies":[{"name":"wp","href":"https:\/\/api.w.org\/{rel}","templated":true}]}}